late the remainder when 18495 is divided by 1843.
65
What is the remainder when 4439687 is divided by 103?
78
Calculate the remainder when 154851 is divided by 409.
249
Calculate the remainder when 6806762 is divided by 16.
10
What is the remainder when 176576 is divided by 901?
881
Calculate the remainder when 19424872 is divided by 11830.
12
What is the remainder when 355020845 is divided by 218?
215
What is the remainder when 3353075 is divided by 716?
47
What is the remainder when 179644399 is divided by 179?
178
Calculate the remainder when 380031 is divided by 1397.
47
What is the remainder when 21684835 is divided by 588?
571
What is the remainder when 832233 is divided by 6044?
4205
What is the remainder when 34363809 is divided by 577?
574
What is the remainder when 84074 is divided by 7547?
1057
What is the remainder when 282360685 is divided by 41?
40
Calculate the remainder when 246377 is divided by 14.
5
Calculate the remainder when 3936970 is divided by 1682.
1090
What is the remainder when 3043893 is divided by 13292?
25
Calculate the remainder when 1356482 is divided by 13418.
1264
Calculate the remainder when 332864 is divided by 332764.
100
What is the remainder when 46322 is divided by 825?
122
Calculate the remainder when 1442199 is divided by 2159.
2146
Calculate the remainder when 49540 is divided by 3495.
610
Calculate the remainder when 4169387 is divided by 87.
86
What is the remainder when 4836197 is divided by 59706?
11
Calculate the remainder when 318295 is divided by 314539.
3756
What is the remainder when 1468531 is divided by 1468528?
3
What is the remainder when 3723881 is divided by 34164?
5
What is the remainder when 883994 is divided by 531?
410
What is the remainder when 16791290 is divided by 2721?
2720
What is the remainder when 96669567 is divided by 841?
822
Calculate the remainder when 3056453 is divided by 1383.
23
Calculate the remainder when 373660107 is divided by 215.
212
Calculate the remainder when 449960 is divided by 5119.
4607
Calculate the remainder when 2183623 is divided by 2733.
2689
What is the remainder when 231097 is divided by 38513?
19
What is the remainder when 517758 is divided by 67?
49
What is the remainder when 444071 is divided by 353?
350
Calculate the remainder when 14718 is divided by 1203.
282
What is the remainder when 11190852 is divided by 10?
2
What is the remainder when 240223 is divided by 39969?
409
Calculate the remainder when 6306777 is divided by 166.
105
What is the remainder when 4148075 is divided by 17957?
8
Calculate the remainder when 2368048 is divided by 379.
56
What is the remainder when 334808 is divided by 7438?
98
Calculate the remainder when 9790684 is divided by 2447670.
4
What is the remainder when 29651 is divided by 29645?
6
What is the remainder when 25564 is divided by 1424?
1356
Calculate the remainder when 22675939 is divided by 4370.
9
What is the remainder when 1299457 is divided by 17317?
682
What is the remainder when 881411 is divided by 881393?
18
What is the remainder when 151454 is divided by 30199?
459
What is the remainder when 348360 is divided by 29?
12
Calculate the remainder when 18123 is divided by 319.
259
What is the remainder when 21584852 is divided by 37344?
20
What is the remainder when 13901904 is divided by 4391?
4389
What is the remainder when 105099 is divided by 2726?
1511
What is the remainder when 43832201 is divided by 1069?
1063
Calculate the remainder when 15720965 is divided by 114.
23
Calculate the remainder when 4098168 is divided by 4098135.
33
Calculate the remainder when 115907 is divided by 3046.
159
Calculate the remainder when 506791 is divided by 253.
32
What is the remainder when 677838496 is divided by 43?
41
Calculate the remainder when 36158545 is divided by 9.
1
What is the remainder when 3150893 is divided by 450098?
207
Calculate the remainder when 3334811 is divided by 22.
7
Calculate the remainder when 1171031 is divided by 7755.
26
Calculate the remainder when 17275821 is divided by 18.
15
Calculate the remainder when 3973846 is divided by 992965.
1986
What is the remainder when 15984 is divided by 15958?
26
Calculate the remainder when 328639 is divided by 53632.
6847
What is the remainder when 17151624 is divided by 2470?
2414
What is the remainder when 58801 is divided by 1234?
803
What is the remainder when 1031760 is divided by 262?
4
Calculate the remainder when 700185 is divided by 1638.
759
What is the remainder when 77842051 is divided by 3243417?
43
Calculate the remainder when 294076 is divided by 14558.
2916
What is the remainder when 523033 is divided by 261095?
843
Calculate the remainder when 538166 is divided by 13447.
286
Calculate the remainder when 59482091 is divided by 177030.
11
What is the remainder when 128247 is divided by 532?
35
Calculate the remainder when 11496418 is divided by 85.
83
Calculate the remainder when 6089264 is divided by 93.
89
Calculate the remainder when 30920428 is divided by 35.
28
Calculate the remainder when 891805505 is divided by 38.
35
Calculate the remainder when 627700 is divided by 145.
140
Calculate the remainder when 65683 is divided by 5550.
4633
What is the remainder when 10705 is divided by 2811?
2272
Calculate the remainder when 10998397 is divided by 611021.
19
Calculate the remainder when 1025519 is divided by 170694.
1355
Calculate the remainder when 803080 is divided by 2878.
118
What is the remainder when 402738 is divided by 100680?
18
What is the remainder when 2026896 is divided by 1778?
1754
What is the remainder when 360 is divided by 116?
12
Calculate the remainder when 27622824 is divided by 5524563.
9
What is the remainder when 1560231 is divided by 141?
66
Calculate the remainder when 13095 is divided by 5733.
1629
What is the remainder when 89475259 is divided by 668?
667
What is the remainder when 1281633 is divided by 3580?
3573
Calculate the remainder when 1274209 is divided by 514.
3
What is the remainder when 47110 is divided by 1357?
972
Calculate the remainder when 289465 is divided by 516.
505
Calculate the remainder when 1083305 is divided by 30931.
720
Calculate the remainder when 173663 is divided by 1835.
1173
What is the remainder when 2988739 is divided by 580?
579
Calculate the remainder when 9867702 is divided by 9867674.
28
What is the remainder when 1072597 is divided by 688?
5
Calculate the remainder when 28633 is divided by 3558.
169
Calculate the remainder when 1936994 is divided by 84.
38
Calculate the remainder when 790397173 is divided by 7.
6
Calculate the remainder when 568628 is divided by 2494.
2490
Calculate the remainder when 447581 is divided by 3315.
56
What is the remainder when 2112098 is divided by 1413?
1076
What is the remainder when 21662 is divided by 3069?
179
What is the remainder when 35732 is divided by 5893?
374
What is the remainder when 864982 is divided by 123531?
265
What is the remainder when 279770 is divided by 1093?
1055
What is the remainder when 5183668 is divided by 8?
4
Calculate the remainder when 554733 is divided by 20.
13
Calculate the remainder when 486691917 is divided by 110.
107
What is the remainder when 3528180 is divided by 467?
462
Calculate the remainder when 92880386 is divided by 53.
6
Calculate the remainder when 5802468 is divided by 483538.
12
What is the remainder when 290933 is divided by 55?
38
What is the remainder when 624154 is divided by 6059?
77
What is the remainder when 6688695 is divided by 604?
603
What is the remainder when 907956 is divided by 3831?
9
Calculate the remainder when 14798714 is divided by 279.
275
What is the remainder when 330015997 is divided by 51?
46
What is the remainder when 2134038 is divided by 317?
311
Calculate the remainder when 214738760 is divided by 453.
452
Calculate the remainder when 227656 is divided by 1604.
1492
Calculate the remainder when 11202451 is divided by 32.
19
Calculate the remainder when 16919947 is divided by 8459960.
27
What is the remainder when 437973605 is divided by 4111?
4109
Calculate the remainder when 17317222 is divided by 1791.
43
Calculate the remainder when 263680753 is divided by 370859.
4
Calculate the remainder when 5046795 is divided by 296.
291
What is the remainder